nder when 133 is divided by 81.
52
What is the remainder when 3685 is divided by 732?
25
Calculate the remainder when 1486 is divided by 11.
1
Calculate the remainder when 166 is divided by 12.
10
What is the remainder when 426 is divided by 59?
13
Calculate the remainder when 306 is divided by 78.
72
Calculate the remainder when 767 is divided by 77.
74
Calculate the remainder when 193 is divided by 14.
11
What is the remainder when 2016 is divided by 12?
0
Calculate the remainder when 237 is divided by 7.
6
What is the remainder when 680 is divided by 225?
5
What is the remainder when 268 is divided by 87?
7
Calculate the remainder when 1192 is divided by 26.
22
What is the remainder when 331 is divided by 212?
119
What is the remainder when 1775 is divided by 120?
95
Calculate the remainder when 2276 is divided by 17.
15
Calculate the remainder when 3595 is divided by 29.
28
Calculate the remainder when 545 is divided by 501.
44
Calculate the remainder when 1011 is divided by 334.
9
What is the remainder when 7506 is divided by 259?
254
What is the remainder when 3956 is divided by 24?
20
What is the remainder when 367 is divided by 92?
91
What is the remainder when 4088 is divided by 89?
83
Calculate the remainder when 75 is divided by 31.
13
What is the remainder when 644 is divided by 81?
77
Calculate the remainder when 127 is divided by 13.
10
Calculate the remainder when 2508 is divided by 148.
140
Calculate the remainder when 623 is divided by 57.
53
What is the remainder when 1016 is divided by 213?
164
What is the remainder when 75 is divided by 28?
19
Calculate the remainder when 20669 is divided by 13.
12
What is the remainder when 77 is divided by 8?
5
Calculate the remainder when 101 is divided by 13.
10
What is the remainder when 88 is divided by 9?
7
What is the remainder when 11400 is divided by 21?
18
What is the remainder when 1294 is divided by 126?
34
What is the remainder when 53 is divided by 27?
26
What is the remainder when 46 is divided by 38?
8
Calculate the remainder when 1476 is divided by 357.
48
What is the remainder when 457 is divided by 46?
43
What is the remainder when 140 is divided by 18?
14
What is the remainder when 137 is divided by 61?
15
Calculate the remainder when 637 is divided by 46.
39
Calculate the remainder when 3299 is divided by 28.
23
Calculate the remainder when 78 is divided by 5.
3
Calculate the remainder when 197 is divided by 6.
5
What is the remainder when 633 is divided by 156?
9
What is the remainder when 320 is divided by 80?
0
What is the remainder when 115 is divided by 53?
9
Calculate the remainder when 41 is divided by 31.
10
What is the remainder when 321 is divided by 28?
13
Calculate the remainder when 214 is divided by 28.
18
What is the remainder when 48 is divided by 15?
3
What is the remainder when 641 is divided by 13?
4
Calculate the remainder when 757 is divided by 69.
67
What is the remainder when 1258 is divided by 411?
25
Calculate the remainder when 82 is divided by 32.
18
What is the remainder when 207 is divided by 40?
7
Calculate the remainder when 32 is divided by 16.
0
What is the remainder when 3366 is divided by 146?
8
What is the remainder when 38 is divided by 23?
15
Calculate the remainder when 367 is divided by 36.
7
Calculate the remainder when 5795 is divided by 29.
24
Calculate the remainder when 78 is divided by 17.
10
What is the remainder when 230 is divided by 63?
41
What is the remainder when 1634 is divided by 15?
14
Calculate the remainder when 254 is divided by 20.
14
Calculate the remainder when 4013 is divided by 55.
53
Calculate the remainder when 354 is divided by 28.
18
What is the remainder when 13523 is divided by 92?
91
What is the remainder when 243 is divided by 15?
3
What is the remainder when 14810 is divided by 161?
159
What is the remainder when 115 is divided by 67?
48
Calculate the remainder when 289 is divided by 27.
19
What is the remainder when 410 is divided by 134?
8
What is the remainder when 8068 is divided by 17?
10
What is the remainder when 253 is divided by 12?
1
What is the remainder when 431 is divided by 147?
137
Calculate the remainder when 2206 is divided by 92.
90
Calculate the remainder when 1406 is divided by 9.
2
What is the remainder when 725 is divided by 6?
5
What is the remainder when 835 is divided by 44?
43
What is the remainder when 366 is divided by 16?
14
What is the remainder when 27 is divided by 19?
8
Calculate the remainder when 81 is divided by 8.
1
What is the remainder when 411 is divided by 18?
15
What is the remainder when 191 is divided by 16?
15
Calculate the remainder when 49 is divided by 15.
4
What is the remainder when 240 is divided by 81?
78
Calculate the remainder when 1635 is divided by 51.
3
What is the remainder when 22991 is divided by 12?
11
What is the remainder when 355 is divided by 51?
49
What is the remainder when 2611 is divided by 520?
11
Calculate the remainder when 1096 is divided by 18.
16
What is the remainder when 797 is divided by 7?
6
What is the remainder when 103 is divided by 37?
29
What is the remainder when 3394 is divided by 28?
6
Calculate the remainder when 100 is divided by 22.
12
Calculate the remainder when 269 is divided by 22.
5
What is the remainder when 2580 is divided by 117?
6
What is the remainder when 863 is divided by 54?
53
What is the remainder when 288 is divided by 263?
25
Calculate the remainder when 530 is divided by 13.
10
What is the remainder when 218 is divided by 69?
11
What is the remainder when 5304 is divided by 29?
26
What is the remainder when 68 is divided by 31?
6
What is the remainder when 2249 is divided by 1106?
37
What is the remainder when 327 is divided by 77?
19
What is the remainder when 1436 is divided by 8?
4
What is the remainder when 113 is divided by 21?
8
What is the remainder when 1238 is divided by 73?
70
What is the remainder when 1474 is divided by 36?
34
Calculate the remainder when 816 is divided by 809.
7
Calculate the remainder when 221 is divided by 43.
6
What is the remainder when 1548 is divided by 387?
0
What is the remainder when 467 is divided by 448?
19
What is the remainder when 53 is divided by 11?
9
What is the remainder when 9504 is divided by 194?
192
Calculate the remainder when 309 is divided by 160.
149
Calculate the remainder when 1605 is divided by 528.
21
What is the remainder when 43 is divided by 38?
5
What is the remainder when 139 is divided by 35?
34
Calculate the remainder when 65 is divided by 41.
24
Calculate the remainder when 178 is divided by 74.
30
Calculate the remainder when 2958 is divided by 50.
8
Calculate the remainder when 178 is divided by 9.
7
Calculate the remainder when 235 is divided by 11.
4
Calculate the remainder when 29 is divided by 10.
9
Calculate the remainder when 1838 is divided by 50.
38
Calculate the remainder when 5698 is divided by 300.
298
Calculate the remainder when 5588 is divided by 43.
41
What is the remainder when 1291 is divided by 220?
191
Calculate the remainder when 911 is divided by 92.
83
What is the remainder when 67 is divided by 23?
21
Calculate the remainder when 1073 is divided by 355.
8
What is the remainder when 69 is divided by 9?
6
Calculate the remainder when 262 is divided by 240.
22
Calculate the remainder when 214 is divided by 79.
56
Calculate the remainder when 938 is divided by 20.
18
What is the remainder when 1493 is divided by 9?
8
What is the remainder when 864 is divided by 27?
0
What is the remainder when 29 is divided by 21?
8
What is the remainder when 673 is divided by 666?
7
Calculate the remainder when 76 is divided by 27.
22
What is the remainder when 50 is divided by 23?
4
What is the remainder when 102 is divided by 70?
32
Calculate the remainder when 54 is divided by 36.
18
Calculate the remainder when 3053 is divided by 30.
23
Calculate the remainder when 173 is divided by 60.
53
Calculate the remainder when 89 is divided by 75.
14
Calculate the remainder when 4569 is divided by 9.
6
What is the remainder when 227 is divided by 56?
3
Calculate the remainder when 233 is divided by 64.
41
Calculate the remainder when 884 is divided by 5.
4
What is the remainder when 208 is divided by 45?
28
What is the 